Let x(c) = 3*c**2 + 3*c - 14. Let v(s) = -s**2 + s + 7. Let u be v(0). Let t be x(u). Calculate the greatest common factor of 22 and t.
22
Suppose 3*k - 5*k = -12. Suppose 84 = k*p - p - 4*v, 100 = 4*p + 5*v. Calculate the greatest common divisor of p and 180.
20
Let v(u) = 2*u**3 - 20*u**2 + 18*u - 1. Let l be v(9). Let n be (-1 - 4) + 5 + l + 44. Calculate the greatest common factor of 43 and n.
43
Let k = 423 - 282. What is the greatest common divisor of k and 94?
47
Let u(l) = 9*l**2 + 5*l - 111. Let w be u(-8). Calculate the highest common divisor of 75 and w.
25
Let y(q) = 6*q**2 - 5*q + 11. Let f be y(2). Let o be -3 - -2 - (-20 - 1). Suppose 0 = -f*c + o*c + 110. Calculate the highest common divisor of c and 55.
11
Let q be 3/2*(12 - 10). Let f(v) = 4*v**2 + v - 4. Let j be f(q). What is the greatest common divisor of 5 and j?
5
Let c(i) = -7*i + 22. Let v(b) = -11*b + 33. Let r(z) = -8*c(z) + 5*v(z). Let w be r(18). What is the highest common factor of 1 and w?
1
Let u = -89 - -93. Suppose 5*l + 2*k - 74 = 0, 4*l - 80 + u = 4*k. Calculate the greatest common divisor of 16 and l.
16
Let m be ((-2)/(-4))/(-1) + (-685)/(-10). What is the highest common factor of m and 17?
17
Let o be (-5*1)/((34/70)/(-17)). What is the greatest common factor of 35 and o?
35
Suppose 0 = -6*n - 110 + 446. Calculate the greatest common divisor of n and 16.
8
Let h(s) = -2*s. Let x be h(-8). Suppose 0*v = -4*j + v + 30, 0 = -2*j + v + x. What is the highest common factor of j and 7?
7
Let c = -277 - -288. What is the greatest common divisor of c and 55?
11
Let m be 9 + ((-6)/(-6) - 6). Let j be (-2)/(-1 - 1) + 3. Calculate the greatest common factor of j and m.
4
Suppose 0 = -3*n - 0*n + 63. Suppose -5*o + 5*y = -945, 5*y = 2*o + 107 - 470. Let p be (-4 - 0) + (o - 1). Calculate the highest common divisor of n and p.
21
Let x = 176 - 26. Calculate the greatest common factor of 90 and x.
30
Suppose -4*a = -5*a + 18. Let o(p) = p**2 - 9*p + 10. Let j be o(4). Let m be (24/(-10))/((2/j)/1). What is the highest common divisor of a and m?
6
Suppose 4*y + 5*g = -5*g + 206, 15 = 3*g. Suppose 4*u - 65 = -u. Calculate the highest common factor of u and y.
13
Let d be 2*1 + 6/(-3) + -1. Let m be 4/((-8)/(-7)) - d/(-2). What is the greatest common divisor of m and 9?
3
Suppose 3*q + 5 = -2*q. Let l = 4 - q. Suppose -v - 420 = -l*v. What is the greatest common divisor of 15 and v?
15
Let w be 37/3 - -3*(-4)/36. What is the greatest common factor of w and 16?
4
Let r(s) = 64*s**2 + 2*s + 2. Let b be r(-2). Suppose 0 = 2*u - q + 87 - b, 2*q - 2 = 0. Calculate the greatest common divisor of u and 56.
28
Let w(s) = 4*s + 16. Let h be w(12). Let a = h + -34. Calculate the greatest common divisor of a and 12.
6
Suppose j + 3100 = 6*j. Suppose r = -2*x + 6*x - j, 4*r = 2*x - 324. Calculate the highest common factor of 14 and x.
14
Suppose 0 = 20*l - 20065 - 615. What is the highest common factor of l and 22?
22
Let p = -52 + 112. Let r = 605 - 602. What is the highest common factor of p and r?
3
Suppose 0 = 2*l + 2*l + 40. Let z(g) = -g**2 - 9*g + 23. Let v be z(l). Suppose -k = -0*k - v. Calculate the highest common factor of 39 and k.
13
Suppose 0 = -3*l + 4*h - 9*h + 1506, -4*l = -2*h - 1982. Calculate the greatest common divisor of l and 142.
71
Suppose -8 + 24 = 4*c. Suppose u + 2*m - 7 = 4*m, c*m + 4 = 0. Suppose -u*j + 6*j - 16 = 0. What is the highest common factor of j and 2?
2
Let w = 130 - -726. Calculate the greatest common divisor of 8 and w.
8
Suppose 4*j - 3*k - 149 = 0, 4*j - 7*k = -2*k + 155. Let s = j - 1. Let y = -21 + 157. What is the greatest common divisor of y and s?
34
Let c = -33 + 83. Let h = 116 - c. Let j be (h/(-9))/((-6)/9). What is the highest common divisor of 33 and j?
11
Let u(s) = -3*s**2 + s + 22. Let d be u(0). Suppose -3*o = -4*o + 220. What is the greatest common divisor of d and o?
22
Let y = -3046 - -4378. Calculate the greatest common factor of y and 36.
36
Let r(i) = -2*i**2 + 73*i + 137. Let h be r(38). What is the highest common factor of h and 575?
23
Suppose 0 = -3*y + 5*s - 7, 5*y - 20 = -0*y + 2*s. Let i be y/(-10)*1*-20. Calculate the highest common factor of 24 and i.
12
Suppose 0 = t - h - 43, 3*t = -3*h - 0*h + 135. Calculate the highest common factor of 308 and t.
44
Let b = 50 - -93. Let y be 0 - (-2 + 1 + -12). What is the greatest common divisor of y and b?
13
Suppose -3*y + 248 - 80 = 0. Calculate the greatest common factor of 56 and y.
56
Let t be ((-224)/(-12))/((-10)/(-150)). What is the greatest common divisor of 40 and t?
40
Suppose 3*t = -2*t + 20. Let d(u) = u**2 + 33*u + 264. Let n be d(-12). Calculate the highest common factor of n and t.
4
Let g(i) = 19*i - 87. Let x be g(9). What is the highest common factor of x and 3?
3
Suppose 2*u + 80 = 3*u. Suppose -32*f = -3*f - 290. Calculate the highest common factor of f and u.
10
Suppose 4*l - 5*a = -40, 12 = 3*a - 0. Let x = 30 - l. What is the greatest common divisor of x and 385?
35
Suppose 4*c = -2*p + 1340, -4*c + 3*c + 338 = -p. Calculate the highest common divisor of c and 588.
84
Let l(r) = 38*r - 569. Let z be l(19). What is the highest common divisor of z and 21?
3
Let c(p) = 45*p**2 + 42*p + 43. Let t be c(-1). What is the greatest common factor of 1012 and t?
46
Suppose 961 = 14*m - 103. What is the greatest common factor of m and 228?
76
Let i be 1/((-65)/(-5226)) + 4/(-10). What is the greatest common factor of i and 15?
5
Suppose 11 = -2*u - 7. Let q(r) = -37*r - 5. Let i be q(u). What is the greatest common divisor of i and 41?
41
Let s be 1305/30*(0 + -10). Let n = -299 - s. What is the greatest common divisor of n and 17?
17
Let m = -464 - -493. Let a(o) = -o**3 + 7*o**2 - 2*o - 3. Let g be a(6). Suppose g = 5*v - m. What is the highest common divisor of 20 and v?
10
Let c be ((-56)/35)/((-1)/10). Let l be ((-9)/(-12))/(2/c). Suppose 3*f = 3*y + 225, f + 377 = l*f - 4*y. What is the highest common divisor of 7 and f?
7
Let k = 41 - 20. What is the highest common factor of k and 189?
21
Suppose n = 4*z - 102, 122 + 0 = 5*z - 4*n. What is the greatest common divisor of 832 and z?
26
Let f = 478 + -460. Calculate the highest common divisor of 72 and f.
18
Suppose -6*l = -0*l - 444. Suppose -17 + l = 3*y. Calculate the highest common divisor of 38 and y.
19
Suppose -4*g = 20, -5*g + 45 = c - 10*g. What is the highest common divisor of c and 90?
10
Let z(k) = -4*k + 30. Let n be z(7). Suppose -3*m + 91 = 4*g, -2*g = m + n*g - 25. Calculate the greatest common factor of m and 66.
33
Let j(z) = z**2 + z + 4. Let y be j(-3). Let i be (6/4)/(y/60). What is the highest common divisor of i and 1?
1
Let d(i) = 60*i - 6. Let q be d(-2). Let s = -62 - q. What is the highest common factor of s and 8?
8
Suppose -s + 3*s - 336 = 0. Let i = 5 - 13. Let c = i + 29. Calculate the greatest common factor of s and c.
21
Suppose -53*p - 30 = -58*p. Calculate the greatest common divisor of p and 39.
3
Let k(t) = -t**3 + 19*t**2 + 124*t + 58. Let m be k(24). What is the highest common factor of 22 and m?
22
Let s = 6 + -6. Suppose 14*n - 10*n - 20 = s. Calculate the greatest common factor of n and 25.
5
Suppose -3*i + 0*i = -30. Suppose 3*q - 22 = 8. Suppose q*r - 11*r + 4 = 0. Calculate the highest common factor of r and i.
2
Let g(f) = 3*f - 3. Suppose 0 = 3*w + 6 - 12. Let p be g(w). Calculate the highest common divisor of 3 and p.
3
Suppose -2*h - 14 = 2*f, 3*f - 2*h = 2 - 3. Let l = f - 6. Let r = -5 - l. What is the greatest common factor of 8 and r?
4
Let p be (-10)/4*(-80)/25. Let j(h) = h**3 - 8*h**2 - 2*h + 18. Let o be j(p). Let z be 2/o - 3*-13. Calculate the greatest common divisor of z and 100.
20
Let z be ((-2)/(-4)*-59)/((-7)/28). Calculate the greatest common factor of 649 and z.
59
Suppose 3*p - 3*n - 351 = 0, 351 = 3*p - 13*n + 9*n. Calculate the greatest common divisor of p and 624.
39
Suppose -5*n = -675 - 25. Suppose 3*d = 2*i - d - 96, -n = -3*i + 4*d. Calculate the highest common divisor of 11 and i.
11
Suppose 41*z = 19726 - 5581. Calculate the greatest common factor of z and 15.
15
Suppose -4*h - 4*y + 1262 = 262, 0 = 4*h - 3*y - 979. Calculate the greatest common divisor of 39 and h.
13
Suppose 2*x + 1987 = -5*p, -x + 0 = -4. Let b = p - -696